the units digit of s?
2
Suppose -5*d + 2*b = -50, 7*d - 50 = 2*d + b. Suppose 3*z - 5 = -c, c - z - d - 7 = 0. What is the units digit of (1 - 4) + c + -1?
0
Let t = 14 - 7. What is the units digit of t?
7
Let a be (-8)/(-3)*(-45)/(-3). Suppose 0*d + a = 4*d. What is the tens digit of d?
1
Let u(n) = n. Let r be u(-6). Let p(v) = 14*v - 9. Let g(a) = 5*a - 3. Let w(c) = r*p(c) + 17*g(c). What is the units digit of w(4)?
7
Let w = -123 + 209. What is the tens digit of w?
8
Suppose 9 = 2*t + n, t + 2*t - 12 = -3*n. Let c = 65 - 46. Let m = c - t. What is the tens digit of m?
1
Let i(v) be the third derivative of v**5/60 - 5*v**4/24 - 7*v**3/6 - v**2. What is the units digit of i(7)?
7
Let m = -3 + 4. Let d = -3 + m. Let x = d - -5. What is the units digit of x?
3
Let z = 40 - 33. What is the units digit of z?
7
Suppose 0 = -z - 15 + 118. What is the hundreds digit of z?
1
Let h be 2/(-5) - (-6)/(-10). Suppose l + 3 = 4*l. What is the units digit of (l/(-2))/(h/10)?
5
Suppose 1240 = -2*i + 7*i. What is the units digit of 1/(-1 - i/(-244))?
1
What is the units digit of 0 + 25 - (-1 - -2)?
4
Suppose -2*q + 358 = 2*g, 535 = -0*g + 3*g + q. What is the hundreds digit of g?
1
Let m(g) = -3*g + 4. Let s be m(2). What is the units digit of (0 + -2)/(s/4)?
4
Suppose -5*c - 4*z = -7, -z + 10 = 4*c - 0*z. What is the units digit of c?
3
Let h(x) = -19*x**3 - 2*x - 1. What is the units digit of h(-1)?
0
Suppose 0 = -3*k - 4*t + 35, -4 - 16 = -5*k + t. Suppose -12 - 23 = -k*n. What is the units digit of n?
7
Suppose -4*j + 7 = -0*y + y, -3 = -2*j - y. Suppose 12 = j*n - 0*n. What is the units digit of n?
6
Let z(v) = -v**2 + 9*v - 2. What is the tens digit of z(6)?
1
Let a = -5 + 8. Suppose 5*f - 66 = m + m, -a*m - 64 = -5*f. Let t = f - 8. What is the units digit of t?
6
Let k = -2 - -2. Let d = -1 - k. What is the units digit of ((-4)/1)/(d + 0)?
4
Suppose 0 = 5*w + 3*u, 3*w - u - 2 = 4*w. Suppose -t = -2*t + w. Suppose 3*r - 11 = -m, -2*m + 8 = t*r - 2. What is the units digit of r?
4
Suppose -5*g = 4*x - 33, 3*g - 2*x - 24 = g. Let o(w) = -15 + 5*w + g - 3*w + w. What is the units digit of o(4)?
6
Let a = -81 + 120. What is the units digit of a?
9
Let c = -15 + 9. Let l = c + 16. Suppose -10 - l = -5*t. What is the units digit of t?
4
Let l(i) = 4*i**2 + 20*i + 5. What is the tens digit of l(-10)?
0
Let d(o) = -o**2 + 3*o + 3. Let k(y) = -y**2 + 10*y + 3. Let j be k(10). What is the units digit of d(j)?
3
Let h(s) = -s**2 + 7*s - 6. Let a be h(5). Suppose 5*z = 4*m - 29, 2*m = -0*m - a*z + 8. What is the units digit of m?
6
Let v = -1 - -1. What is the units digit of 2 - (-2 - (v + -2))?
2
Let o be (-36)/(-30)*(-30)/(-4). Let g(d) = 5*d - 11. What is the tens digit of g(o)?
3
Suppose 2*q - 21 = 3*n, 4*n - n + 4*q = -39. What is the units digit of n/(-2) + 1/(-2)?
4
Let d(x) = -x - 5. Let j(n) = -n - 9. Let m(a) = -5*d(a) + 3*j(a). Suppose -2*v + 12 = 4*c, 5*c - 4*v = -7*v + 13. What is the units digit of m(c)?
8
Let t = 13 + -25. Let a = 113 + -217. What is the units digit of a/t + 1/3?
9
Let c = -6 - -18. Let l = c - -46. What is the tens digit of 2/5 - l/(-5)?
1
Let b = -5 - -9. Let u = 9 + 6. Suppose -h + u = b*h. What is the units digit of h?
3
Suppose -4*c + 5*c = -2, 0 = -5*z - 2*c + 41. Suppose 0*q + q = z. What is the units digit of q?
9
Suppose 3*t + 7 = 5*n - 16, 4 = -4*t. Suppose 2*q - n = 0, -4*d + 24 = 3*q - 2. What is the units digit of d?
5
Let x = -3 - -28. Suppose 168 = 4*h + g, -2*h + 37 = -5*g - x. Let b = h + -25. What is the units digit of b?
6
Suppose 7*d - 1563 = 341. What is the units digit of d?
2
Let k be 9 + -4 + 3 + 3. Suppose 3*f - 3*n = 84, 75 = 3*f - n - k. What is the units digit of f?
9
Suppose 0 = -4*k + 3*k. Suppose -4*a - t + 65 = k, 0 = -a + 3*t + 2*t + 32. What is the units digit of a?
7
Let f(p) = p + 10. Let l be f(7). Let a = l + -6. What is the units digit of a?
1
Let a = 7 + -5. Suppose 5*j - 41 = -3*o, -a*j + o = 3*o - 14. What is the tens digit of j?
1
Suppose -5*v = 25, v + 288 = -5*h + 823. Suppose 3*k = -2*q + 70, 0*k - h = -5*k + q. What is the units digit of k?
2
Let h(k) = -k - 13. Let g be h(-10). Let n be 2 + g/1 - -3. Suppose n = -f + 2*f. What is the units digit of f?
2
Let d(t) = 3*t**2 + t + 1. Let z be d(-1). Suppose -5*q + z*c = 10, c = 3*q - 4*c - 10. Let j = -3 - q. What is the units digit of j?
2
Suppose 10*h = 11*h - 89. What is the tens digit of h?
8
What is the units digit of (-1)/(4/(-12*6))?
8
Let o = -2 - -4. Suppose 0 = -o*b + 2 - 8. What is the units digit of 2/b*54/(-4)?
9
Suppose -f = -2*f + 4. Let g = f + 3. Let j = g - 2. What is the units digit of j?
5
Suppose -2*h + 123 + 39 = 0. Let u be 2/5 + h/(-15). What is the units digit of 10/25 - 13/u?
3
Let a(u) = 3*u**2 - 3*u - 2. Let l be a(3). Suppose -2*g + l = 4*o, 2*o + 10 = -o + 4*g. What is the units digit of (o/(-5))/(1/(-20))?
8
Suppose -460 = -6*j + 2*j + v, -5*j - 3*v + 558 = 0. What is the units digit of j?
4
Let r be (-32)/(-12)*(-135)/4. Let g be (12/(-15))/(4/r). Suppose 3*b = 12 + g. What is the units digit of b?
0
Let l(n) = -4*n - 12. Let v(w) = -w - 19. Let i be v(-7). What is the tens digit of l(i)?
3
What is the tens digit of ((-2618)/(-56))/((-1)/(-4))?
8
Let k(q) = q**3 - 3*q**2 - q + 3. Let u be k(4). Suppose -u = -4*d - d. Let i = d + 1. What is the units digit of i?
4
Let k = 4 + 30. Suppose 2*p - 5*r = 29, 4*p - k = -0*r + 2*r. What is the units digit of p?
7
Suppose 0 = -7*f + 4*f + 111. What is the units digit of f?
7
Let h = -1 - 1. Let q be -1 + -4*1/2. What is the units digit of h/q - (-14)/6?
3
Let x(o) = o**3 + o**2 + o - 1. Let h(m) = -7*m**3 - 11*m**2 - 5*m + 7. Let r(v) = -h(v) - 6*x(v). What is the tens digit of r(-3)?
2
Suppose -282 - 86 = -8*s. What is the tens digit of s?
4
Suppose 34*z + 192 = 38*z. What is the units digit of z?
8
Suppose 400 + 140 = 4*h. What is the tens digit of h?
3
Suppose -z = 6*c - 3*c - 21, 2 = 2*c. What is the units digit of z?
8
Suppose 7*g - 455 = -0*g. What is the tens digit of g?
6
Let q(y) = y**2 - 4*y - 6. Let g be q(5). What is the units digit of 2 - g/(-2)*0?
2
Suppose 0 = -4*q - r + 595, 4*q = -3*r - 239 + 824. What is the tens digit of q?
5
Suppose -g + 0 = -5, 2*y + g = -15. What is the units digit of (36/(-10))/(y/25)?
9
Suppose 4*t = 7*f - 2*f, 3*t = f. Suppose 5*u - 8*v + 3*v = 0, f = u - 5*v. Suppose 4*j = 4 - u. What is the units digit of j?
1
Suppose -3*i - 17 + 53 = 0. What is the tens digit of (i/15)/(4/90)?
1
Suppose c - 2*c = 26. Let x = c - -36. Let j(h) = -h**2 + 10*h + 9. What is the units digit of j(x)?
9
What is the units digit of ((-18)/45)/((-2)/90)?
8
What is the tens digit of (0 + 3)*1 - -8?
1
Suppose q + 84 = a - 15, -q = -2*a + 200. What is the tens digit of a?
0
Let s(r) = r**2 - 15*r + 6. What is the units digit of s(15)?
6
Let x(z) = z**3 + z**2 + z + 2. Let j be x(2). Suppose -2*n + 3*o = -j, 3*n - 6*o + 2*o - 22 = 0. Suppose -k - n*k = -18. What is the units digit of k?
6
Let l(r) = -r**3 - 6*r**2 + 6*r - 10. Let o be l(-7). Let v be 154/6 + (-1)/o. Suppose 16 = 4*j + 4*f, 4*f - f = -5*j + v. What is the units digit of j?
7
Suppose 2*w = -2*q + 6*q - 12, -2*q - 6 = 5*w. Suppose -3*a - 3*b = -b - 25, q*a = 2*b. What is the units digit of a?
5
Suppose -13 = -4*q + 15. Suppose 0 = -4*j + 5 + q. What is the units digit of j?
3
Let v be (2 + 4 + -2)*1. Suppose -7*a + 3*a + v = 0. What is the units digit of a?
1
Suppose -5*k + 3 = -7. Suppose -k*c + 8 = 0, z = -0*c + 2*c + 32. What is the units digit of z?
0
Let l = 82 - -25. What is the units digit of l?
7
Let w(a) = -2*a + 7 + 3*a - 3. Let r be w(-6). What is the units digit of 3 - (r + (1 - 0))?
4
Let f = -8 - -10. What is the units digit of -5 + 6 - (2 - f)?
1
Let f = 4 + -6. Let l(p) = -p**3 - p + 1. Let m be l(f). Suppose 5*y - 24 = m. What is the units digit of y?
7
Suppose q + 2*k - 28 = 0, -6*q - 16 = -7*q + 2*k. What is the tens digit of q?
2
Let u(w) = 8*w + 34. What is the hundreds digit of u(23)?
2
Let p = -1 - -5. Suppose 2 = 3*k - p*k, -k = 4*t - 26. What is the units digit of t?
7
Let v be (-1)/((-3)/(-9)) - 1. Let o = 21 - v. What is the tens digit of o?
2
Let m(l) = 26*l + 14. Let n(w) = 9*w + 5. Let p(g) = -5*m(g) + 14*n(g). What is the units digit of p(-1)?
4
Suppos